

{"id":33,"date":"2012-12-20T11:25:20","date_gmt":"2012-12-20T10:25:20","guid":{"rendered":"http:\/\/localhost\/sites\/PPF-new\/genomique\/?page_id=33"},"modified":"2024-05-14T15:24:19","modified_gmt":"2024-05-14T14:24:19","slug":"equipements","status":"publish","type":"page","link":"https:\/\/genomique.med.univ-tours.fr\/?page_id=33","title":{"rendered":"Equipements"},"content":{"rendered":"\n<h2 class=\"wp-block-heading\">Site Tonnell\u00e9<\/h2>\n\n\n\n<ul class=\"wp-block-list\">\n<li>Promega Extracteur ADN, ARN Maxwel<\/li>\n\n\n\n<li>Qiagen Extracteur ADN, ARN Qiasymphony <span style=\"color: #0d3182;\">(UTTIL)<\/span><\/li>\n\n\n\n<li>epMotion 5070 automate de pipetage (Eppendorf)<\/li>\n\n\n\n<li>Qiagen automate de pipetage <span style=\"color: #0d3182;\">(UTTIL)<\/span><\/li>\n\n\n\n<li>10X Genomics Chromium (lien avec d\u00e9partement des cytom\u00e9tries)<\/li>\n\n\n\n<li>Biorad PCR CFX384 and CFX96 PCR et RT-PCR en temps r\u00e9el, HRM<\/li>\n\n\n\n<li>Biorad Digital PCR 10X<\/li>\n\n\n\n<li>Agilent scanner Microarray scanner (microarrays, CGH)<\/li>\n\n\n\n<li>Applied Biosystems, s\u00e9quenceur 3500 XL 16 capillaires (s\u00e9quen\u00e7age Sanger, Genescan) <span style=\"color: #0d3182;\">(UTTIL)<\/span><\/li>\n\n\n\n<li>NGS Illumina Miseq<\/li>\n\n\n\n<li>NGS Illumina NextSeq 550 <span style=\"color: #0d3182;\">(UTTIL)<\/span><\/li>\n<\/ul>\n\n\n\n<h2 class=\"wp-block-heading\">Site Grandmont<\/h2>\n\n\n\n<ul class=\"wp-block-list\">\n<li>Applied Biosystems QuantStudio 6 Flex<\/li>\n\n\n\n<li>Eppendorf epMotion 5070<\/li>\n\n\n\n<li>Eppendorf Mastercycler PRO VAPO. PROTEC<\/li>\n\n\n\n<li>Amersham Bioscience STORM 840<\/li>\n\n\n\n<li>Qiagen QIAxcel Advanced<\/li>\n\n\n\n<li>Eppendorf Thermomixer C<\/li>\n<\/ul>\n","protected":false},"excerpt":{"rendered":"<p>Site Tonnell\u00e9 Site Grandmont<\/p>\n","protected":false},"author":3,"featured_media":0,"parent":0,"menu_order":0,"comment_status":"closed","ping_status":"closed","template":"","meta":{"footnotes":""},"class_list":["post-33","page","type-page","status-publish","hentry"],"_links":{"self":[{"href":"https:\/\/genomique.med.univ-tours.fr\/index.php?rest_route=\/wp\/v2\/pages\/33","targetHints":{"allow":["GET"]}}],"collection":[{"href":"https:\/\/genomique.med.univ-tours.fr\/index.php?rest_route=\/wp\/v2\/pages"}],"about":[{"href":"https:\/\/genomique.med.univ-tours.fr\/index.php?rest_route=\/wp\/v2\/types\/page"}],"author":[{"embeddable":true,"href":"https:\/\/genomique.med.univ-tours.fr\/index.php?rest_route=\/wp\/v2\/users\/3"}],"replies":[{"embeddable":true,"href":"https:\/\/genomique.med.univ-tours.fr\/index.php?rest_route=%2Fwp%2Fv2%2Fcomments&post=33"}],"version-history":[{"count":8,"href":"https:\/\/genomique.med.univ-tours.fr\/index.php?rest_route=\/wp\/v2\/pages\/33\/revisions"}],"predecessor-version":[{"id":285,"href":"https:\/\/genomique.med.univ-tours.fr\/index.php?rest_route=\/wp\/v2\/pages\/33\/revisions\/285"}],"wp:attachment":[{"href":"https:\/\/genomique.med.univ-tours.fr\/index.php?rest_route=%2Fwp%2Fv2%2Fmedia&parent=33"}],"curies":[{"name":"wp","href":"https:\/\/api.w.org\/{rel}","templated":true}]}}