

{"id":4,"date":"2012-12-19T17:12:37","date_gmt":"2012-12-19T16:12:37","guid":{"rendered":"http:\/\/localhost\/sites\/PPF-new\/genomique\/?page_id=4"},"modified":"2024-05-14T14:50:05","modified_gmt":"2024-05-14T13:50:05","slug":"bienvenue-sur-le-site","status":"publish","type":"page","link":"https:\/\/genomique.med.univ-tours.fr\/","title":{"rendered":"Bienvenue"},"content":{"rendered":"\n<h4 class=\"wp-block-heading\">Pr\u00e9sentation g\u00e9n\u00e9rale<\/h4>\n\n\n\n<p>Le <strong>D\u00e9partement de G\u00e9nomique<\/strong> est un plateau technique en G\u00e9n\u00e9tique, G\u00e9nomique et Transcriptomique au service des unit\u00e9s de recherche de l\u2019Universit\u00e9 de Tours, des grands organismes de recherche ext\u00e9rieurs \u00e0 l\u2019Universit\u00e9 de Tours, et du secteur priv\u00e9 industriel. Il est membre de la <a href=\"https:\/\/pst-asb.med.univ-tours.fr\" data-type=\"link\" data-id=\"https:\/\/pst-asb.med.univ-tours.fr\">PST ASB<\/a> de l\u2019Universit\u00e9 de Tours.<\/p>\n\n\n\n<p>Les technologies et comp\u00e9tences disponibles au sein du D\u00e9partement r\u00e9pondent \u00e0 des besoins de recherche et de transfert dans le domaine biom\u00e9dical et en biologie \u00e9volutive, \u00e9cophysiologie.<\/p>\n\n\n\n<p>Le D\u00e9partement est en lien avec \u00e0 plusieurs plateformes, dont l\u2019Unit\u00e9 des Technologies Innovantes des Laboratoires (<a href=\"https:\/\/www.chu-tours.fr\/etre-soigne-et-rendre-visite-a-un-patient\/joindre-le-chru\/liste-des-services\/uttil\/\" data-type=\"link\" data-id=\"https:\/\/www.chu-tours.fr\/etre-soigne-et-rendre-visite-a-un-patient\/joindre-le-chru\/liste-des-services\/uttil\/\">UTTIL<\/a>) du CHU de Tours et les autres d\u00e9partements de la <a href=\"https:\/\/pst-asb.med.univ-tours.fr\">PST ASB<\/a>.<\/p>\n\n\n\n<p>Il participe aux activit\u00e9s de plusieurs structures, dont la SFR FED 4225 (Infectologie), <a href=\"https:\/\/sfrneuroimagerie.univ-tours.fr\" data-type=\"link\" data-id=\"https:\/\/sfrneuroimagerie.univ-tours.fr\">SFR FED 4226<\/a> (Neuroimagerie fonctionnelle), <a href=\"https:\/\/www.chu-tours.fr\/etre-soigne-et-rendre-visite-a-un-patient\/joindre-le-chru\/liste-des-services\/plateforme-de-genetique-moleculaire-des-cancers-trousseau\/#:~:text=La%20Plateforme%20de%20G\u00e9n\u00e9tique%20Mol\u00e9culaire,d'H\u00e9matologie%20Biologique%20\u2013%20Bretonneau.\" data-type=\"link\" data-id=\"https:\/\/www.chu-tours.fr\/etre-soigne-et-rendre-visite-a-un-patient\/joindre-le-chru\/liste-des-services\/plateforme-de-genetique-moleculaire-des-cancers-trousseau\/#:~:text=La%20Plateforme%20de%20G\u00e9n\u00e9tique%20Mol\u00e9culaire,d'H\u00e9matologie%20Biologique%20\u2013%20Bretonneau.\">Plateforme de Biologie Mol\u00e9culaire des Cancers<\/a> du CHRU de Tours, <a href=\"https:\/\/www.fhu-genomeds.fr\">FHU GenOMedS<\/a>, <a href=\"https:\/\/exac-t.univ-tours.fr\">FHU Exac.t<\/a>, <a href=\"https:\/\/www.fhu-goal.fr\">FHU GOAL<\/a>, <a href=\"https:\/\/mabimprove.univ-tours.fr\/fr\/\" data-type=\"link\" data-id=\"https:\/\/mabimprove.univ-tours.fr\/fr\/\">Labex MabImprove<\/a>.<\/p>\n\n\n\n<p>Il vous accueille pour vos projets et vous accompagne sur l\u2019utilisation des diff\u00e9rentes technologies.<\/p>\n\n\n\n<h4 class=\"wp-block-heading\">Actualit\u00e9s<\/h4>\n\n\n\n<ul class=\"wp-block-list\">\n<li>Formation \u00e0 l\u2019extraction d\u2019ADN par le Qiasymphony, Mars 2024 -organis\u00e9e par l\u2019UTTIL (CHU Tours) en lien avec le d\u00e9partement.<\/li>\n\n\n\n<li>Formation \u00e0 l\u2019utilisation du s\u00e9quenceur MiSeq Illumina, 2023, organis\u00e9e par l\u2019UTTIL (CHU Tours) en lien avec le d\u00e9partement.<\/li>\n\n\n\n<li>S\u00e9minaire \u00ab Analyses <em>single cells<\/em> et <em>spatial multiomics<\/em> \u00bb, 2022 \u2013 organis\u00e9 par le d\u00e9partement.<\/li>\n<\/ul>\n\n\n\n<p><b>Plateforme soutenue par <\/b>:<\/p>\n\n\n<div class=\"wp-block-image\">\n<figure class=\"aligncenter size-large is-resized\"><a href=\"https:\/\/univ-tours.fr\"><img loading=\"lazy\" decoding=\"async\" width=\"1024\" height=\"666\" src=\"https:\/\/genomique.med.univ-tours.fr\/wp-content\/uploads\/2024\/05\/univtours-logo-vertical-1024x666.png\" alt=\"\" class=\"wp-image-262\" style=\"width:auto;height:128px\" srcset=\"https:\/\/genomique.med.univ-tours.fr\/wp-content\/uploads\/2024\/05\/univtours-logo-vertical-1024x666.png 1024w, https:\/\/genomique.med.univ-tours.fr\/wp-content\/uploads\/2024\/05\/univtours-logo-vertical-300x195.png 300w, https:\/\/genomique.med.univ-tours.fr\/wp-content\/uploads\/2024\/05\/univtours-logo-vertical-768x499.png 768w, https:\/\/genomique.med.univ-tours.fr\/wp-content\/uploads\/2024\/05\/univtours-logo-vertical-1200x780.png 1200w, https:\/\/genomique.med.univ-tours.fr\/wp-content\/uploads\/2024\/05\/univtours-logo-vertical.png 1520w\" sizes=\"auto, (max-width: 709px) 85vw, (max-width: 909px) 67vw, (max-width: 1362px) 62vw, 840px\" \/><\/a><\/figure><\/div>\n\n<div class=\"wp-block-image\">\n<figure class=\"aligncenter size-large is-resized\"><a href=\"https:\/\/www.chu-tours.fr\"><img loading=\"lazy\" decoding=\"async\" width=\"1024\" height=\"532\" src=\"https:\/\/genomique.med.univ-tours.fr\/wp-content\/uploads\/2024\/05\/CHRU_logo-1024x532.png\" alt=\"\" class=\"wp-image-265\" style=\"width:auto;height:128px\" srcset=\"https:\/\/genomique.med.univ-tours.fr\/wp-content\/uploads\/2024\/05\/CHRU_logo-1024x532.png 1024w, https:\/\/genomique.med.univ-tours.fr\/wp-content\/uploads\/2024\/05\/CHRU_logo-300x156.png 300w, https:\/\/genomique.med.univ-tours.fr\/wp-content\/uploads\/2024\/05\/CHRU_logo-768x399.png 768w, https:\/\/genomique.med.univ-tours.fr\/wp-content\/uploads\/2024\/05\/CHRU_logo-1200x623.png 1200w, https:\/\/genomique.med.univ-tours.fr\/wp-content\/uploads\/2024\/05\/CHRU_logo.png 1233w\" sizes=\"auto, (max-width: 709px) 85vw, (max-width: 909px) 67vw, (max-width: 1362px) 62vw, 840px\" \/><\/a><\/figure><\/div>\n\n<div class=\"wp-block-image\">\n<figure class=\"aligncenter size-large is-resized\"><a href=\"https:\/\/www.inserm.fr\"><img loading=\"lazy\" decoding=\"async\" width=\"1024\" height=\"415\" src=\"https:\/\/genomique.med.univ-tours.fr\/wp-content\/uploads\/2024\/05\/Inserm-2022-1280px-1024x415.png\" alt=\"\" class=\"wp-image-269\" style=\"width:auto;height:96px\" srcset=\"https:\/\/genomique.med.univ-tours.fr\/wp-content\/uploads\/2024\/05\/Inserm-2022-1280px-1024x415.png 1024w, https:\/\/genomique.med.univ-tours.fr\/wp-content\/uploads\/2024\/05\/Inserm-2022-1280px-300x122.png 300w, https:\/\/genomique.med.univ-tours.fr\/wp-content\/uploads\/2024\/05\/Inserm-2022-1280px-768x311.png 768w, https:\/\/genomique.med.univ-tours.fr\/wp-content\/uploads\/2024\/05\/Inserm-2022-1280px-1200x487.png 1200w, https:\/\/genomique.med.univ-tours.fr\/wp-content\/uploads\/2024\/05\/Inserm-2022-1280px.png 1280w\" sizes=\"auto, (max-width: 709px) 85vw, (max-width: 909px) 67vw, (max-width: 1362px) 62vw, 840px\" \/><\/a><\/figure><\/div>\n\n<div class=\"wp-block-image\">\n<figure class=\"aligncenter size-large is-resized\"><a href=\"https:\/\/www.centre-valdeloire.fr\"><img loading=\"lazy\" decoding=\"async\" width=\"1024\" height=\"534\" src=\"https:\/\/genomique.med.univ-tours.fr\/wp-content\/uploads\/2024\/05\/centrevaldeloire-1280px-1024x534.png\" alt=\"\" class=\"wp-image-267\" style=\"width:auto;height:128px\" srcset=\"https:\/\/genomique.med.univ-tours.fr\/wp-content\/uploads\/2024\/05\/centrevaldeloire-1280px-1024x534.png 1024w, https:\/\/genomique.med.univ-tours.fr\/wp-content\/uploads\/2024\/05\/centrevaldeloire-1280px-300x156.png 300w, https:\/\/genomique.med.univ-tours.fr\/wp-content\/uploads\/2024\/05\/centrevaldeloire-1280px-768x400.png 768w, https:\/\/genomique.med.univ-tours.fr\/wp-content\/uploads\/2024\/05\/centrevaldeloire-1280px-1200x625.png 1200w, https:\/\/genomique.med.univ-tours.fr\/wp-content\/uploads\/2024\/05\/centrevaldeloire-1280px.png 1280w\" sizes=\"auto, (max-width: 709px) 85vw, (max-width: 909px) 67vw, (max-width: 1362px) 62vw, 840px\" \/><\/a><\/figure><\/div>\n\n<div class=\"wp-block-image\">\n<figure class=\"aligncenter size-large is-resized\"><a href=\"https:\/\/anr.fr\"><img loading=\"lazy\" decoding=\"async\" width=\"1024\" height=\"288\" src=\"https:\/\/genomique.med.univ-tours.fr\/wp-content\/uploads\/2024\/05\/logo-ANR-2022-1280px-1024x288.png\" alt=\"\" class=\"wp-image-271\" style=\"width:auto;height:128px\" srcset=\"https:\/\/genomique.med.univ-tours.fr\/wp-content\/uploads\/2024\/05\/logo-ANR-2022-1280px-1024x288.png 1024w, https:\/\/genomique.med.univ-tours.fr\/wp-content\/uploads\/2024\/05\/logo-ANR-2022-1280px-300x84.png 300w, https:\/\/genomique.med.univ-tours.fr\/wp-content\/uploads\/2024\/05\/logo-ANR-2022-1280px-768x216.png 768w, https:\/\/genomique.med.univ-tours.fr\/wp-content\/uploads\/2024\/05\/logo-ANR-2022-1280px-1200x338.png 1200w, https:\/\/genomique.med.univ-tours.fr\/wp-content\/uploads\/2024\/05\/logo-ANR-2022-1280px.png 1280w\" sizes=\"auto, (max-width: 709px) 85vw, (max-width: 909px) 67vw, (max-width: 1362px) 62vw, 840px\" \/><\/a><\/figure><\/div>\n\n<div class=\"wp-block-image\">\n<figure class=\"aligncenter size-large is-resized\"><a href=\"https:\/\/www.europe-en-france.gouv.fr\/fr\/fonds-europeens\/fonds-europeen-de-developpement-regional-FEDER\"><img loading=\"lazy\" decoding=\"async\" width=\"1024\" height=\"1010\" src=\"https:\/\/genomique.med.univ-tours.fr\/wp-content\/uploads\/2024\/05\/ue_feder-1024x1010.jpg\" alt=\"\" class=\"wp-image-272\" style=\"width:auto;height:200px\" srcset=\"https:\/\/genomique.med.univ-tours.fr\/wp-content\/uploads\/2024\/05\/ue_feder-1024x1010.jpg 1024w, https:\/\/genomique.med.univ-tours.fr\/wp-content\/uploads\/2024\/05\/ue_feder-300x296.jpg 300w, https:\/\/genomique.med.univ-tours.fr\/wp-content\/uploads\/2024\/05\/ue_feder-768x758.jpg 768w, https:\/\/genomique.med.univ-tours.fr\/wp-content\/uploads\/2024\/05\/ue_feder.jpg 1181w\" sizes=\"auto, (max-width: 709px) 85vw, (max-width: 909px) 67vw, (max-width: 1362px) 62vw, 840px\" \/><\/a><\/figure><\/div>","protected":false},"excerpt":{"rendered":"<p>Pr\u00e9sentation g\u00e9n\u00e9rale Le D\u00e9partement de G\u00e9nomique est un plateau technique en G\u00e9n\u00e9tique, G\u00e9nomique et Transcriptomique au service des unit\u00e9s de recherche de l\u2019Universit\u00e9 de Tours, des grands organismes de recherche ext\u00e9rieurs \u00e0 l\u2019Universit\u00e9 de Tours, et du secteur priv\u00e9 industriel. Il est membre de la PST ASB de l\u2019Universit\u00e9 de Tours. Les technologies et comp\u00e9tences &hellip; <a href=\"https:\/\/genomique.med.univ-tours.fr\/\" class=\"more-link\">Continuer la lecture<span class=\"screen-reader-text\"> de &laquo;&nbsp;Bienvenue&nbsp;&raquo;<\/span><\/a><\/p>\n","protected":false},"author":3,"featured_media":0,"parent":0,"menu_order":0,"comment_status":"closed","ping_status":"closed","template":"","meta":{"footnotes":""},"class_list":["post-4","page","type-page","status-publish","hentry"],"_links":{"self":[{"href":"https:\/\/genomique.med.univ-tours.fr\/index.php?rest_route=\/wp\/v2\/pages\/4","targetHints":{"allow":["GET"]}}],"collection":[{"href":"https:\/\/genomique.med.univ-tours.fr\/index.php?rest_route=\/wp\/v2\/pages"}],"about":[{"href":"https:\/\/genomique.med.univ-tours.fr\/index.php?rest_route=\/wp\/v2\/types\/page"}],"author":[{"embeddable":true,"href":"https:\/\/genomique.med.univ-tours.fr\/index.php?rest_route=\/wp\/v2\/users\/3"}],"replies":[{"embeddable":true,"href":"https:\/\/genomique.med.univ-tours.fr\/index.php?rest_route=%2Fwp%2Fv2%2Fcomments&post=4"}],"version-history":[{"count":30,"href":"https:\/\/genomique.med.univ-tours.fr\/index.php?rest_route=\/wp\/v2\/pages\/4\/revisions"}],"predecessor-version":[{"id":275,"href":"https:\/\/genomique.med.univ-tours.fr\/index.php?rest_route=\/wp\/v2\/pages\/4\/revisions\/275"}],"wp:attachment":[{"href":"https:\/\/genomique.med.univ-tours.fr\/index.php?rest_route=%2Fwp%2Fv2%2Fmedia&parent=4"}],"curies":[{"name":"wp","href":"https:\/\/api.w.org\/{rel}","templated":true}]}}